) = -704*p - 4. List the prime factors of k(-1).
2, 5, 7
Suppose 3*g = -596 - 85. Let f = -136 - g. What are the prime factors of f?
7, 13
Suppose -84 = -k + 5*v, 2*k + 2*v = -3*v + 228. Let n = -33 + k. What are the prime factors of n?
71
Suppose 6*o = 3*o - 5*a + 792, -3*o - 3*a + 786 = 0. What are the prime factors of o?
7, 37
Suppose -4*o + 15 = 3*j, 0 = -5*j + 3*o - 6*o + 25. Suppose j*w - 3 = 4*w. Suppose -3 - 6 = -w*t. What are the prime factors of t?
3
Let b = 3 + -1. Let s = 536 + -536. Suppose -q - b*j + 33 + 9 = s, -2*q + 76 = -4*j. What are the prime factors of q?
2, 5
Let i = 65 - 61. Suppose -11*m = -i*m - 266. What are the prime factors of m?
2, 19
Let z(o) = -2345*o - 134. List the prime factors of z(-1).
3, 11, 67
Let q(l) = -185*l**3 - 18*l**2 - 35*l + 1. What are the prime factors of q(-2)?
3, 17, 29
Let c = 5 - -1546. List the prime factors of c.
3, 11, 47
Let c(m) = 5*m**2 + 3*m + 18. Let g(a) = 6*a**2 + 2*a + 19. Let i(z) = 7*c(z) - 6*g(z). Let h be i(8). Let x = h + 37. What are the prime factors of x?
3, 19
Let h be 218/8 - (-1 - 30/(-24)). Suppose 79 = 2*z - h. List the prime factors of z.
53
Let q = -100 + 102. List the prime factors of (q - -4)*5/(60/176).
2, 11
Let d(t) = -t**2 + 16*t + 18. Let n be d(17). Let b be (-2)/9 + (-148)/(-18). Let i = b - n. What are the prime factors of i?
7
Let i(l) = -2*l - 2. Suppose 0*q + 5*q - 140 = 0. Suppose 4*g = -4*j + 3*g - 11, 4*g - q = 2*j. What are the prime factors of i(j)?
2, 3
Suppose -5*i = 3*q + 10, -q = -5*i + 4*i - 10. Let n(o) = 2*o**2 + o + 5. List the prime factors of n(i).
2, 5
List the prime factors of -1*4 - (-2005 + -85).
2, 7, 149
Let u(w) = -w**3 - w**2 + 8*w - 2. Let j be u(-5). Suppose 0 = -7*s + 219 - j. List the prime factors of s.
23
Let x be 24/(36/(-44) - -1). What are the prime factors of 3/4 + 5181/x?
2, 5
Let z be (-11*(-4)/(-12))/((-3)/(-9)). Let p be -2*(-2 - 18/4). Let q = p - z. What are the prime factors of q?
2, 3
Let u(v) be the second derivative of -47*v**3/6 + 37*v**2/2 - 9*v. What are the prime factors of u(-3)?
2, 89
Let l be 0*(2 + (-35)/20). Let d(n) = -n**3 + n**2 + 32. List the prime factors of d(l).
2
Let c be (0/(-4))/(-2) + 43. Let x = -22 + c. Suppose 2*w - x - 39 = 0. What are the prime factors of w?
2, 3, 5
Suppose 6 + 34 = 3*g - 4*y, 0 = -3*g + 2*y + 32. Suppose -g*k = -6*k - 14. What are the prime factors of k?
7
Let f = -8 + 10. What are the prime factors of (f + (-70)/6)/((-4)/12)?
29
Suppose 4*q - 5*h - 29 = 0, 3 = 5*h + 8. Let f = 6 - q. Suppose f = 5*w - 7*w + 36. List the prime factors of w.
2, 3
Let j(p) = 7*p**2 - 6*p - 11. Let h(m) = -4*m**2 + 3*m + 6. Let f(n) = 5*h(n) + 3*j(n). Let r be f(0). What are the prime factors of r/(-6) + (-332)/(-8)?
2, 3, 7
Let r(d) = d + 2. Let j be r(0). Suppose 0 = -0*t - j*t. Suppose -4*q - 8 = t, -q = -2*b + 2*q + 30. List the prime factors of b.
2, 3
Suppose 0 = u + 3*w + 172 + 37, 0 = 4*u - 2*w + 822. Let p = -42 - u. List the prime factors of p.
2, 41
Let k be (2 + -3)/(3/12*2). What are the prime factors of 190/(-1)*k/2?
2, 5, 19
Suppose 0 = -4*i - 20 - 16. List the prime factors of 82/(-4)*(-5 - (-2 - i)).
2, 3, 41
Let l(j) = j**3 + 4*j**2. Let f be l(-4). Suppose f*u + 6 = 3*u. Suppose -4*m + 14 = h, 5*m = u*h - 6 - 22. List the prime factors of h.
2, 7
Let q be 26/4 + (-9)/6. Suppose 4*h = -3*c - 349, -q*h + 4*h = -c - 121. List the prime factors of (-2)/7 - 272/c.
2
Let w = 300 - 194. Let n = 152 - w. List the prime factors of n.
2, 23
Let t = -2333 + 4349. What are the prime factors of t?
2, 3, 7
Let r be (-14)/(-6) + (-3)/9. Suppose -3*m = -2*u + 80, -2*m - 84 = r*u - 4*u. List the prime factors of u.
2, 23
Suppose 0 = -q - 0 + 3, 3*q = -3*w + 33. Suppose 2*l - 474 = -w. List the prime factors of l.
233
Suppose 34*d - 26531 = 2267. What are the prime factors of d?
7, 11
What are the prime factors of (-22)/319 + 16132/116?
139
Let g(q) = -31*q + 3. Let i be g(-4). Suppose -5*j + 3*b = -i, -3*j - b = 2*b - 57. List the prime factors of j.
23
Let n be (-26)/(-4) - 15/10. Suppose -11*p + 20 = -6*p, -2*p = n*v + 17. List the prime factors of (-4)/10 + (-87)/v.
17
Suppose 2*m = -2*m + 32. Suppose 0 = 3*l - m*l - 50. What are the prime factors of -2*l/(-16)*-4?
5
What are the prime factors of ((-9)/2 - -2)*-52?
2, 5, 13
Suppose 0 = -2*p - 4*t + 3*t + 235, 5*t = p - 123. Suppose -5*a + 112 = -p. What are the prime factors of a?
2, 23
Let s = -213 + 408. What are the prime factors of s?
3, 5, 13
Let z = 5993 - 2375. List the prime factors of z.
2, 3, 67
Let p = 1303 - -376. What are the prime factors of p?
23, 73
Let h(t) = -105*t + 10. Let b be h(-3). Let c be (4/(-10))/((-26)/b). Suppose 3*j = c*k + 73 - 298, -k = 3*j - 27. List the prime factors of k.
2, 3, 7
Let b(d) = 33*d - 67. Let f = -40 - -48. List the prime factors of b(f).
197
Suppose -6 = 9*i - 7*i. Let b = 95 - i. List the prime factors of b.
2, 7
Let k(v) = -v**3 - 8*v**2 - 6*v - 4. Let n be k(-7). Suppose 0 = -3*j - 8*j - 55. Let t = j - n. What are the prime factors of t?
2, 3
Suppose 3295 = 12*r - 1073. Let y = -199 + r. List the prime factors of y.
3, 5, 11
Let a be (11 + -1)/(2/(-4)). Let u = a + 44. What are the prime factors of u?
2, 3
Let v be (-60)/(-14) + (-12)/42. Suppose -12 = -v*k - 0*k. Suppose -i - 13 = -k*h, -2*i - 5 = -3. List the prime factors of h.
2
Let c = -9 + 11. Suppose 3*t - c*w = 31 - 0, -t = -w - 9. What are the prime factors of t?
13
Let i(v) = 340*v - 322*v - 1 - 2. What are the prime factors of i(4)?
3, 23
Let r(z) = -z + 20. Let i be r(14). Let c(x) = x**3 - x**2 - 6*x - 8. Let b be c(i). Suppose 5*t = -3*s + 46, -5*s - 5*t = -b + 46. List the prime factors of s.
2, 11
Suppose 0 = 5*u + 3*w - 40, -3*u + 5*w + 5 = 3*w. List the prime factors of (-1)/(0 - u/665).
7, 19
Let x be 2/3 + (-245)/(-15). Let u = 24 - x. What are the prime factors of u?
7
Let s(m) = 9*m**2 + 2*m - 2. Let l be s(-2). Suppose 4*d + d + l = 0. What are the prime factors of (-1 + 10)/(d/(-44))?
2, 3, 11
Let v(s) = -3*s - 2. Let i be v(7). Let l = -20 - i. Suppose 20 - 122 = -l*p. What are the prime factors of p?
2, 17
Let h be 30/105 - 318/(-14). Suppose 5*q = -3 + h. List the prime factors of q.
2
Let f = -77 + 57. List the prime factors of ((-393)/(-15))/((-4)/f).
131
Let q = -290 - -433. Let b = q + 20. List the prime factors of b.
163
Let a be -1*(-5)/(-5) - 9. What are the prime factors of 1 + (24/a)/(3/(-190))?
3, 17
What are the prime factors of 32/((-60)/(-30) - 27/14)?
2, 7
Suppose 0 = 10*s - 12774 + 354. What are the prime factors of s?
2, 3, 23
Suppose 2*b - 986 = -206. What are the prime factors of b?
2, 3, 5, 13
Let k(n) be the first derivative of -n**5/20 + n**4/2 - 5*n**3/6 + n**2 - n - 2. Let i(m) be the first derivative of k(m). What are the prime factors of i(3)?
2, 7
Let k be (2 - (-7 - -2)) + -1. Let a be k - (1 + -1 + 1). Suppose 3*n + 2*d = 3*d + 51, -a*d = 2*n - 17. List the prime factors of n.
2
Let p(x) = -3*x**3 - 91*x - 486. What are the prime factors of p(-5)?
2, 43
Let i(v) = v**2 - 5*v + 7. Let o be i(6). Suppose o = -a + u, 2*a = a - 3*u - 21. Let m = -4 - a. What are the prime factors of m?
11
Let y(n) = 1960*n**3 - 3*n**2 - n + 1. What are the prime factors of y(1)?
19, 103
What are the prime factors of (2/3)/((-68)/(-2346))?
23
Let i(l) = 1132*l**3 - l**2 + 2*l + 1. What are the prime factors of i(1)?
2, 3, 7
Let k(d) = -4*d**2 - 2*d. Let p be k(1). List the prime factors of (-3)/p + -1 - 567/(-6).
2, 47
Suppose -c = -4*c + 9. Suppose c*o - 4*d = -0*d + 50, 55 = 4*o - 3*d. Suppose -5*g + 10 + o = 0. What are the prime factors of g?
2
Let c = 13265 - 9409. What are the prime factors of c?
2, 241
Let d = 17 - -10. Let k = 79 + -19. Let g = k - d. List the prime factors of g.
3, 11
Suppose -9*z + 97308 = 45*z. What are the prime factors of z?
2, 17, 53
Suppose 2*i + 0*n + 3*n - 12 = 0, 2*n = -2*i + 8. Suppose 5 = b - 0. Suppose -5*y + 45 = -b*g, 6*g - 3*g - 12 = i. What are the prime factors of y?
13
Suppose 437*x + 5755 = 442*x. List the prime factors of x.
1151
Suppose 4*x + 4*h + 649 = -755, -3*x - 1057 = 2*h. What are the prime factors of 3/(-1) - x/5?
2, 17
Suppose -24 - 1 = n - 5*g, -50 = 2*n + 2*g. List the prime factors of (1 + 590/n)*-5.
113
Suppose 2*y + u = -2*y + 13181, 9